{"id":159,"date":"2021-01-02T23:44:00","date_gmt":"2021-01-03T01:44:00","guid":{"rendered":"http:\/\/kidex.com.br\/?page_id=159"},"modified":"2021-01-02T23:44:00","modified_gmt":"2021-01-03T01:44:00","slug":"relacionamento","status":"publish","type":"page","link":"http:\/\/kidex.com.br\/?page_id=159","title":{"rendered":"Relacionamento"},"content":{"rendered":"\n<div class=\"wp-block-columns is-layout-flex wp-container-core-columns-is-layout-9d6595d7 wp-block-columns-is-layout-flex\">\n<div class=\"wp-block-column is-layout-flow wp-block-column-is-layout-flow\">\n<p>Elabora\u00e7\u00e3o de relat\u00f3rios semanais e\/ou mensais conforme exig\u00eancias do Exportador.<\/p>\n\n\n\n<p>Fechamento dos processos com demonstrativo.<\/p>\n<\/div>\n\n\n\n<div class=\"wp-block-column is-layout-flow wp-block-column-is-layout-flow\">\n<p>Elabora\u00e7\u00e3o de planilha de custo, ajudando assim o Importador a programar seu <em>cash flow<\/em> na chegada de mercadoria no Brasil.<\/p>\n\n\n\n<p>Confec\u00e7\u00e3o de relat\u00f3rios de despesas referente a cada processo de Importa\u00e7\u00e3o.<\/p>\n<\/div>\n<\/div>\n\n\n\n<p><\/p>\n","protected":false},"excerpt":{"rendered":"<p>Elabora\u00e7\u00e3o de relat\u00f3rios semanais e\/ou mensais conforme exig\u00eancias do Exportador. Fechamento dos processos com demonstrativo. Elabora\u00e7\u00e3o de planilha de custo, ajudando assim o Importador a programar seu cash flow na chegada de mercadoria no Brasil. Confec\u00e7\u00e3o de relat\u00f3rios de despesas<\/p>\n","protected":false},"author":1,"featured_media":0,"parent":0,"menu_order":0,"comment_status":"closed","ping_status":"closed","template":"","meta":{"footnotes":""},"class_list":["post-159","page","type-page","status-publish","hentry"],"_links":{"self":[{"href":"http:\/\/kidex.com.br\/index.php?rest_route=\/wp\/v2\/pages\/159","targetHints":{"allow":["GET"]}}],"collection":[{"href":"http:\/\/kidex.com.br\/index.php?rest_route=\/wp\/v2\/pages"}],"about":[{"href":"http:\/\/kidex.com.br\/index.php?rest_route=\/wp\/v2\/types\/page"}],"author":[{"embeddable":true,"href":"http:\/\/kidex.com.br\/index.php?rest_route=\/wp\/v2\/users\/1"}],"replies":[{"embeddable":true,"href":"http:\/\/kidex.com.br\/index.php?rest_route=%2Fwp%2Fv2%2Fcomments&post=159"}],"version-history":[{"count":1,"href":"http:\/\/kidex.com.br\/index.php?rest_route=\/wp\/v2\/pages\/159\/revisions"}],"predecessor-version":[{"id":160,"href":"http:\/\/kidex.com.br\/index.php?rest_route=\/wp\/v2\/pages\/159\/revisions\/160"}],"wp:attachment":[{"href":"http:\/\/kidex.com.br\/index.php?rest_route=%2Fwp%2Fv2%2Fmedia&parent=159"}],"curies":[{"name":"wp","href":"https:\/\/api.w.org\/{rel}","templated":true}]}}