{"id":179,"date":"2021-01-03T00:10:32","date_gmt":"2021-01-03T02:10:32","guid":{"rendered":"http:\/\/kidex.com.br\/?page_id=179"},"modified":"2021-01-03T00:10:32","modified_gmt":"2021-01-03T02:10:32","slug":"regimes-especiais","status":"publish","type":"page","link":"http:\/\/kidex.com.br\/?page_id=179","title":{"rendered":"Regimes Especiais"},"content":{"rendered":"\n<div class=\"wp-block-columns is-layout-flex wp-container-core-columns-is-layout-9d6595d7 wp-block-columns-is-layout-flex\">\n<div class=\"wp-block-column is-layout-flow wp-block-column-is-layout-flow\">\n<p>Admiss\u00e3o Tempor\u00e1ria &#8211; Registro da carga temporariamente no Pa\u00eds, com controle de prazos legais de sua perman\u00eancia ou sua poss\u00edvel nacionaliza\u00e7\u00e3o.<\/p>\n\n\n\n<p>Ex-Tarif\u00e1rio &#8211; Pleitos para m\u00e1quinas novas e usadas.<\/p>\n<\/div>\n\n\n\n<div class=\"wp-block-column is-layout-flow wp-block-column-is-layout-flow\">\n<p>Entreposto Aduaneiro &#8211; Providenciamos o registro e conferencia das cargas destinadas ao entreposto aduaneiro, bem como o controle de prazos legais de perman\u00eancia no Pa\u00eds.<\/p>\n<\/div>\n<\/div>\n","protected":false},"excerpt":{"rendered":"<p>Admiss\u00e3o Tempor\u00e1ria &#8211; Registro da carga temporariamente no Pa\u00eds, com controle de prazos legais de sua perman\u00eancia ou sua poss\u00edvel nacionaliza\u00e7\u00e3o. Ex-Tarif\u00e1rio &#8211; Pleitos para m\u00e1quinas novas e usadas. Entreposto Aduaneiro &#8211; Providenciamos o registro e conferencia das cargas destinadas<\/p>\n","protected":false},"author":1,"featured_media":0,"parent":0,"menu_order":0,"comment_status":"closed","ping_status":"closed","template":"","meta":{"footnotes":""},"class_list":["post-179","page","type-page","status-publish","hentry"],"_links":{"self":[{"href":"http:\/\/kidex.com.br\/index.php?rest_route=\/wp\/v2\/pages\/179","targetHints":{"allow":["GET"]}}],"collection":[{"href":"http:\/\/kidex.com.br\/index.php?rest_route=\/wp\/v2\/pages"}],"about":[{"href":"http:\/\/kidex.com.br\/index.php?rest_route=\/wp\/v2\/types\/page"}],"author":[{"embeddable":true,"href":"http:\/\/kidex.com.br\/index.php?rest_route=\/wp\/v2\/users\/1"}],"replies":[{"embeddable":true,"href":"http:\/\/kidex.com.br\/index.php?rest_route=%2Fwp%2Fv2%2Fcomments&post=179"}],"version-history":[{"count":1,"href":"http:\/\/kidex.com.br\/index.php?rest_route=\/wp\/v2\/pages\/179\/revisions"}],"predecessor-version":[{"id":180,"href":"http:\/\/kidex.com.br\/index.php?rest_route=\/wp\/v2\/pages\/179\/revisions\/180"}],"wp:attachment":[{"href":"http:\/\/kidex.com.br\/index.php?rest_route=%2Fwp%2Fv2%2Fmedia&parent=179"}],"curies":[{"name":"wp","href":"https:\/\/api.w.org\/{rel}","templated":true}]}}